{"id":40,"date":"2025-07-24T08:31:32","date_gmt":"2025-07-24T08:31:32","guid":{"rendered":"https:\/\/lesamisduparcdupilat.fr\/?page_id=40"},"modified":"2025-12-18T11:55:17","modified_gmt":"2025-12-18T11:55:17","slug":"le-parc","status":"publish","type":"page","link":"https:\/\/lesamisduparcdupilat.fr\/index.php\/le-parc\/","title":{"rendered":"Le parc naturel r\u00e9gional du Pilat"},"content":{"rendered":"\n<p> <a href=\"https:\/\/www.parc-naturel-pilat.fr\/\">Le site web du parc naturel du Pilat<\/a><\/p>\n\n\n\n<p><a href=\"https:\/\/www.parc-naturel-pilat.fr\/la-charte-destination-2041\/#toute-la-charte-destination-2041\">la charte Destination 2041<\/a><\/p>\n\n\n\n<p><a href=\"https:\/\/carto.parc-naturel-pilat.fr\/\">Cartographies r\u00e9alis\u00e9es par le Parc<\/a> <\/p>\n\n\n\n<p class=\"has-text-align-left\"><strong>Derni\u00e8res vid\u00e9os du Parc naturel r\u00e9gional du Pilat<\/strong> (<a href=\"https:\/\/www.youtube.com\/@parcnaturelregionaldupilat\/videos\">Chaine youtube<\/a>)<\/p>\n\n\n<ul class=\"alignleft wp-block-rss\"><li class='wp-block-rss__item'><div class='wp-block-rss__item-title'><a href='https:\/\/www.youtube.com\/watch?v=AQ5N0dvCSow'>Parc du Pilat &#8211; Destination 2041<\/a><\/div><\/li><li class='wp-block-rss__item'><div class='wp-block-rss__item-title'><a href='https:\/\/www.youtube.com\/watch?v=PGBCfsBxsww'>Adapter l&#039;agriculture du Pilat au changement climatique<\/a><\/div><\/li><li class='wp-block-rss__item'><div class='wp-block-rss__item-title'><a href='https:\/\/www.youtube.com\/watch?v=UpsEFNkmJc8'>S&#039;adapter au changement climatique dans la Pilat<\/a><\/div><\/li><li class='wp-block-rss__item'><div class='wp-block-rss__item-title'><a href='https:\/\/www.youtube.com\/watch?v=WOdeUyBz-58'>La trame noire dans le Grand Pilat &#8211; par DarkSkyLab<\/a><\/div><\/li><li class='wp-block-rss__item'><div class='wp-block-rss__item-title'><a href='https:\/\/www.youtube.com\/watch?v=nLBDaUP43Ds'>Des Nouveaux ateliers du Dorlay \u00e0 la Turbine cr\u00e9ative<\/a><\/div><\/li><\/ul>","protected":false},"excerpt":{"rendered":"<p>Le site web du parc naturel du Pilat la charte Destination 2041 Cartographies r\u00e9alis\u00e9es par le Parc Derni\u00e8res vid\u00e9os du Parc naturel r\u00e9gional du Pilat (Chaine youtube)<\/p>\n","protected":false},"author":4,"featured_media":0,"parent":0,"menu_order":0,"comment_status":"closed","ping_status":"closed","template":"","meta":{"footnotes":""},"class_list":["post-40","page","type-page","status-publish","hentry"],"_links":{"self":[{"href":"https:\/\/lesamisduparcdupilat.fr\/index.php\/wp-json\/wp\/v2\/pages\/40","targetHints":{"allow":["GET"]}}],"collection":[{"href":"https:\/\/lesamisduparcdupilat.fr\/index.php\/wp-json\/wp\/v2\/pages"}],"about":[{"href":"https:\/\/lesamisduparcdupilat.fr\/index.php\/wp-json\/wp\/v2\/types\/page"}],"author":[{"embeddable":true,"href":"https:\/\/lesamisduparcdupilat.fr\/index.php\/wp-json\/wp\/v2\/users\/4"}],"replies":[{"embeddable":true,"href":"https:\/\/lesamisduparcdupilat.fr\/index.php\/wp-json\/wp\/v2\/comments?post=40"}],"version-history":[{"count":12,"href":"https:\/\/lesamisduparcdupilat.fr\/index.php\/wp-json\/wp\/v2\/pages\/40\/revisions"}],"predecessor-version":[{"id":480,"href":"https:\/\/lesamisduparcdupilat.fr\/index.php\/wp-json\/wp\/v2\/pages\/40\/revisions\/480"}],"wp:attachment":[{"href":"https:\/\/lesamisduparcdupilat.fr\/index.php\/wp-json\/wp\/v2\/media?parent=40"}],"curies":[{"name":"wp","href":"https:\/\/api.w.org\/{rel}","templated":true}]}}